Let v be y(20). Determine k(v).
-27
Let k be 2 + -3 + (-1 - 15). Let i(r) be the first derivative of r**3/3 + 8*r**2 - 20*r - 223. Determine i(k).
-3
Let m(x) = 3*x - x - 8*x**2 - x. Let i = -5677 + 5678. Give m(i).
-7
Suppose 0*l - l + 19 = -4*w, 3*l - 5 = -w. Let y(u) = 22*u - 7. Let d(q) = 82*q - 26. Let s(a) = -7*d(a) + 26*y(a). Calculate s(w).
8
Let r(d) = -11*d + 40. Let m(u) = 10*u - 38. Let v(l) = 9*m(l) + 8*r(l). Determine v(4).
-14
Let y(j) = 4*j**3 + 2*j**2 - 4. Let m(l) = l**3 + l - 2. Let d(z) = -3*m(z) + y(z). Suppose 0 = 4*i - 4*p + 28, 2*p - 7*p + 32 = -4*i. What is d(i)?
2
Let u be (-18)/(-30) + 7/5. Let r(s) = -s**2 + 7*s + 1 + 3 + u*s. Let d(t) = t + 25. Let k be d(-15). Give r(k).
-6
Suppose -1 = -18*c + 17*c. Let b be 3*(c + (2 - (-64)/(-12))). Let p = -8 - b. Let k(l) = l**3 + l**2 + l. Determine k(p).
-1
Let u(j) = -2*j + 37. Let s(o) = 12*o**2 + 91*o - 23. Let a be s(-8). What is u(a)?
3
Let m(z) = 24*z + 53. Let x be m(-2). Let g(r) = 5*r**2 - 3*r + 2. Let w(f) = 6*f**2 - 4*f + 1. Let n(i) = x*g(i) - 4*w(i). What is n(0)?
6
Let m = -6 - -3. Let f(z) = -12*z + 12. Let x(r) = -9*r + 8. Let t(y) = -5*f(y) + 7*x(y). Give t(m).
5
Let c(n) = n**2 + 5*n - 4. Let g be c(3). Let v be (3 + 5/(-2))*g. Let s(z) be the second derivative of -z**4/12 + 4*z**3/3 + 11*z**2/2 - 306*z. Determine s(v).
-9
Suppose -32 = 19*x - 108. Suppose x*b = 2*u + 3*u + 11, b - 5 = -u. Let m(o) = 3*o + 4. Calculate m(b).
16
Let v(x) = 11*x**2 + 14*x + 12. Let i = -389 - -384. Let o(t) = 2*t**2 + t. Let k(b) = i*o(b) + v(b). Determine k(-7).
-2
Let a(p) = -p**3 - 9*p**2 - 13*p - 15. Let l(q) = 14*q**2 + 156*q - 150. Let x be l(-12). Determine a(x).
-45
Suppose -83*f = -33*f - 255 - 345. Let b(i) = -3*i + 4. Give b(f).
-32
Let a(d) = 3*d - 3*d**3 + 7*d**3 - 5 + d**3 - 943*d**2 + 940*d**2. Let r(g) = 14*g**3 - 9*g**2 + 9*g - 15. Let c(x) = 17*a(x) - 6*r(x). What is c(-4)?
1
Suppose 497*p - 519*p = -88. Let w(h) be the first derivative of -h**2/2 + 7*h - 6. Calculate w(p).
3
Let c(f) = -28*f - 32*f - 28*f - 14 + 85*f + 30. What is c(13)?
-23
Let v = 4 - 8. Let q(s) = -31 - 2*s**2 + 53 + 21 - 2*s - 39. What is q(v)?
-20
Let t(z) be the second derivative of -z**5/20 - z**3/6 + z**2 + 31*z. Let i(o) = 34*o + 579. Let q be i(-17). Determine t(q).
0
Let o be (0*6/(-30))/(1/(-1)). Let n(t) = t + 1. Let u be n(-1). Let s be ((u + o)/(-1))/3. Let a(j) = j**3 + j + 14. Give a(s).
14
Let y = 332 + -260. Suppose -12*k + 36 = y. Let p(n) = n**2 + n - 3. Give p(k).
3
Let l(z) = -20*z + 397. Let i(v) = -312*v + 4076. Let g be i(13). Determine l(g).
-3
Let i(k) = -5 - 12 - 8*k - 7 + 11. Calculate i(-4).
19
Let t(g) = -73 + 36 + 22*g**2 - g + 36. Let y be t(-1). Let x = y - 28. Let w(h) = -h**3 - 6*h**2 + 3. Determine w(x).
3
Suppose 5*r - u - 175 = 0, -74 = -5*r + 3*u + 111. Let b = r - 29. Let z(d) = d + 10. Let q(f) = 1. Let h(w) = -3*q(w) + z(w). Calculate h(b).
12
Suppose -85 = -9*k + 4*k. Let n(l) = 7 + 7 - k - l + 4. Give n(-7).
8
Let p(u) = u**3 + 8*u**2 - 10*u - 4. Let w be p(-9). Let x(j) = -120 - 3*j + 65 + j + 57. Calculate x(w).
-8
Let z(m) = -3*m - 47. Let r(a) = -2*a - 69. Let h(v) = -2*r(v) + 3*z(v). Calculate h(0).
-3
Suppose 5*y + 20 = 0, -416 = 4*t - 4*y + 2*y. Let s = 111 + t. Let f(z) = z**3 - 6*z**2 + 5*z - 4. Determine f(s).
-4
Let i(t) = -3*t**3 + 7*t**2 - 5. Suppose 0 = 24*x + 77 + 139. Let a(w) = 13*w**3 - 29*w**2 + 21. Let m(y) = x*i(y) - 2*a(y). Determine m(5).
3
Let w = -6430 + 6432. Let p(k) = 30*k**2 + k - 1. Determine p(w).
121
Let j(h) = -h - 3. Let g be ((-216)/324)/((-1)/6). Determine j(g).
-7
Let p(r) = r**3 - 7*r**2 + 5*r + 8. Let j(i) = i**3 + 14*i**2 + 13*i + 2. Let q be j(-13). Suppose -8*k - q*k = -60. Calculate p(k).
2
Let o(j) = -6*j + 41. Let n = 5903 + -5898. Give o(n).
11
Let m(q) = -293 - 54*q - 96 + 3 + 116. Give m(-5).
0
Let o(l) be the first derivative of l**3/3 + 11*l**2/2 + 36*l - 1069. Give o(-7).
8
Let p(t) = -t**3 + 3*t**2 + 6*t - 5. Let l be 266 + (1 - -5) + -3. Let a = 273 - l. What is p(a)?
3
Suppose 0 = 3*n - 471 + 453. Let d(b) = 11*b - 3. Let h(o) = -9*o + 1. Let s(f) = n*h(f) + 5*d(f). Give s(19).
10
Let n(v) = v + 1. Let f be n(1). Let t(j) = -3 + f*j**2 + 6*j + 35*j**3 - 36*j**3 - 3*j. Calculate t(3).
-3
Let k(g) = -2*g**2 - 17*g - 11. Let i = 6280 - 6287. Give k(i).
10
Let y(g) = -g**2 + 9*g - 1. Let i(k) be the second derivative of k**5/20 - 10*k**3/3 + 39*k**2/2 + 99*k. Let a be i(2). What is y(a)?
13
Let w(r) = r + 3 - 25 - 19*r**3 - 10 + 18*r**3 - 6*r**2. Determine w(-7).
10
Suppose 3*l - 4*b + 370 = 0, -3*l + 33 - 394 = 5*b. Let c be 88/396 + (0 - l/18). Let u(i) be the third derivative of -i**4/24 + 2*i**3 - i**2. Determine u(c).
5
Let r(w) = -17*w - 271. Let k = -4717 - -4701. Determine r(k).
1
Let c(r) = -5*r**2 + r - 1. Let s(l) = 2*l - 14*l**2 - 4*l - 3 + 5*l. Let o(u) = -11*c(u) + 4*s(u). Let z be 2/(-5)*(1 + (-3 - 3)). Give o(z).
-3
Let x(j) = -9*j + 4. Let l(o) = -14*o + 6. Let m(d) = 5*l(d) - 8*x(d). Let b = -47984 - -47986. Give m(b).
2
Let w(f) = -f - 1. Let q be (4/(-6))/((-6)/(-270)). Let z = 29 + q. Let g(i) = i**2 + 7*i + 7. Let k(d) = z*g(d) - 4*w(d). What is k(-3)?
-3
Let h(y) = 35*y**2 + 20*y + 2. Suppose 2*l - 5*k = -11, 21*l - 3*k - 3 = 23*l. Let o(x) = -13*x**2 - 7*x - 1. Let c(j) = l*h(j) - 8*o(j). Give c(-4).
2
Suppose 76 = 368*f - 356 + 102 - 406. Let r(m) = -1 - m + m - 3*m. Calculate r(f).
-7
Let i(n) be the third derivative of n**8/280 + n**4/24 - 8*n**3 + 32*n**2. Let p(v) be the second derivative of i(v). What is p(1)?
24
Suppose 0*k + k + 13 = l, l = 5*k - 7. Let n = 11 - l. Let g(y) be the third derivative of -y**4/24 - 4*y**3/3 - 41*y**2. Determine g(n).
-1
Let n(p) be the first derivative of -1/4*p**4 + 7 + 34*p - 1/2*p**2 + 0*p**3. What is n(0)?
34
Let p be (-7)/147*(6/(-18) - 290/12). Let q(u) be the third derivative of 0 - p*u**3 + 1/60*u**5 + 8*u**2 + 0*u + 11/24*u**4. Calculate q(-11).
-7
Suppose 3*n = -6*n + 45. Suppose 10 = -3*z - n. Let u(j) = -j**2 - j + 1. Let y(b) = -5*b**2 - 11*b. Let t(w) = -3*u(w) + y(w). What is t(z)?
-13
Suppose 55*f = 52*f + 14 + 10. Let k(d) = -8*d - 27. What is k(f)?
-91
Let d(s) = 2*s**2 + 36*s + 149. Let r be (-3 + 1)/((-12)/(-714)*17). Give d(r).
-5
Let w(g) = g - 15. Suppose -3*r = -m - 0*m - 67, -2*r = -2*m - 38. Let z(d) = 4*d - 26 - 13 - 29 + r. Let j(y) = 7*w(y) - 2*z(y). What is j(-9)?
-8
Let q be (120/(-18))/(((-60)/(-18))/(-5)). Let x(t) = t**2 - 10*t - 24. Calculate x(q).
-24
Let w(x) = 9*x**2 - 41*x + 4. Let p(f) = 45*f**2 - 212*f + 21. Let y(k) = 6*p(k) - 31*w(k). Determine y(1).
-8
Let t = -506 - -510. Let r(g) = -5*g**2 - 3*g - 1. Let f(x) = 4*x**2 + 4*x + 1. Let z(l) = t*r(l) + 3*f(l). Calculate z(1).
-9
Let u be (-5 - 170/(-30))*(-9)/2. Let g be ((-1)/u)/((-23)/(-69)). Let q(i) = -7*i**3 + 2*i**2 - i. Determine q(g).
-6
Let p(l) = 3*l - 13. Suppose -3*q - 1 - 31 = -5*r, 2*r - 3*q - 20 = 0. Determine p(r).
-1
Let i(l) = l**2 + 3. Let k(q) = 2*q + 1. Let w(r) = -i(r) + 4*k(r). Suppose 2*b - 20 = -4*o, -16 = -6*b + 3*b + o. Calculate w(b).
13
Suppose 2*r - 34 = -3*k - 2*k, 5*r = 5*k - 20. Let i be (k - 5 - 2)/(1/5). Let a be -3*i/(-15) - -4. Let t(n) = -3*n. What is t(a)?
-9
Let l(w) be the second derivative of -w**5/5 + w**4/6 - w**2/2 + w + 8513. Let p be 1/((1*2)/(-2)). Calculate l(p).
5
Let i be 7 + -11 - (-7)/1. Let y(f) = i*f + 3*f + f + 0*f. Let r(s) = -3*s. Let q(d) = 5*r(d) + 2*y(d). Calculate q(5).
-5
Suppose a - 6 = -0*a. Let n(o) = -2 - 2 - 3536*o - 3478*o + 7018*o. What is n(a)?
20
Let y(m) = 9*m + 440. Let c be y(-49). Let t(j) = -18*j**3 + 2*j**2. What is t(c)?
20
Let s(n) = 13*n - 7. Let b = -13655 + 13653. Determine s(b).
-33
Let p be (-220)/66 - 91/(-21). Let u(y) be the first derivative of 43*y**4/4 - y**2 + y + 9. Calculate u(p).
42
Let v(u) be the third derivative of -u**6/720 - u**5/120 + u**4/8 + u**3/3 - 25*u**2. Let o(j) be the second derivative of v(j). Determine o(1).
-2
Let v(m) = -m**2 + 10*m + 12. Let g be v(11). Let d(j) be the first derivative of j**2 - j - 2/3*j**3 + 91 - 1/4*j**4. Give d(g).
-2
Let v(k) = 5*k**2 - 23*k - 211. Let x be v(9). Let l(c) = 13*c + 152. Determine l(x).
-17
Suppose -3*k + 968 = 980, -4*y - k = 20. Let b(r) = -111*r - 447. Determine b(y).
-3
Let m(j) be the 